3*a - 2 = -4*a. Suppose s - 2*m - 3*m = a, -3*m + 15 = 0. Calculate the remainder when v is divided by s.
24
Suppose 3*m + 10 = 4*s + 32, -3*m + 6 = 0. Let l be (s/(-4))/(2/(-24)). Calculate the remainder when 8/l*186/(-4) is divided by 11.
9
Suppose 0 = -3*z + 7*f + 694, 3*f = 11*z - 6*z - 1148. Calculate the remainder when z is divided by 29.
26
Suppose 2728 = 24*p + 712. Calculate the remainder when 587 is divided by p.
83
Let d = -23 + 34. Let s = 6 - 4. Suppose 5*a - 9 = -2*g, g = -s*a - a + 4. Calculate the remainder when d is divided by g.
4
Let t(j) = j**2 + 9*j + 37. Let m be t(-15). Let o be ((-12)/(-2))/((-8)/116). Let a = o + m. What is the remainder when 117 is divided by a?
37
Suppose g - 32 = 3*c, 15 = -0*c - 3*c. What is the remainder when 389 is divided by g?
15
Suppose 0 = -34*d + 967 + 5017. What is the remainder when d is divided by 45?
41
What is the remainder when ((-167)/(-11) - 1) + (-116)/638 is divided by 9?
5
Let y(x) = -2*x**2 - 2. Let s be y(2). Let p(q) = -q + 7*q**2 - 5 + 4*q**2 + 10*q + q**3. What is the remainder when 7 is divided by p(s)?
2
Let k(q) = -7*q + 3. Let n be k(-3). Suppose -4*i + n = -56. What is the remainder when i is divided by 11?
9
Suppose 335 = -8*c + 3575. Calculate the remainder when c is divided by 2.
1
Calculate the remainder when 203 is divided by 8/(-6) + 5/((-30)/(-122)).
13
Let j be 1 - 1 - (-2 + 3). Let l be 0/(j + -1 + 0). Suppose -4*x + 100 = -3*v - l*v, -2*x + 52 = -2*v. Calculate the remainder when x is divided by 8.
6
Let d = 284 + -289. Let s(r) = -14*r - 1. Let k be s(-2). Let y = d + k. Calculate the remainder when y is divided by 12.
10
Suppose 5*s - 35 = 25. Suppose -236 + s = -8*c. Calculate the remainder when c is divided by 16.
12
Suppose 3*s - 1 = 5. Calculate the remainder when 60 + -2 + (6 - s) is divided by 32.
30
Let h(l) = 177*l - 1528. What is the remainder when h(10) is divided by 4?
2
Suppose 3*t + 8*t - 880 = 0. What is the remainder when t is divided by 17?
12
Let b = -350 + 657. What is the remainder when b is divided by 31?
28
Let v = 1 - -8. Let x(j) = -6*j**2 + 3*j**3 - 6 - v*j + j**3 - 5*j**3. Calculate the remainder when x(-6) is divided by 10.
8
Let i(s) = -2*s**2 - 60*s + 82. What is the remainder when 36 is divided by i(-31)?
16
Let a be (-1 + -2 + 6)*94/3. Calculate the remainder when (a/(-5))/(4/(-10)) is divided by 12.
11
Let t(s) = -s**3 + 12*s**2 + 19*s - 70. What is the remainder when 67 is divided by t(13)?
3
Calculate the remainder when 0 + 53/(-4 - -5) is divided by 18.
17
Suppose 2*j = -2*u + 20, -5*j + 59 = -2*u + 4*u. What is the remainder when 1220 is divided by j?
11
Calculate the remainder when 73 is divided by (-17)/(-5) + -4 + 316/10.
11
Let d be (-4)/3*102/(-4). Suppose -14 = -4*c - 4*v + 2, 2*c + v = 9. What is the remainder when ((-4)/(-8))/(1/d) is divided by c?
2
Let c = 345 + -328. Calculate the remainder when 35 is divided by c.
1
Suppose 6*i - 2*i - 8 = 0. Let q(k) = -3 - k + 3 + 2*k. What is the remainder when 5 is divided by q(i)?
1
Let v(f) = -f**3 + 20*f**2 + f + 116. Calculate the remainder when v(20) is divided by 124.
12
Suppose 14*g = -85 + 1107. What is the remainder when g is divided by 39?
34
Suppose -k = -8 - 4. Calculate the remainder when (6/15)/((-3)/(-345)) is divided by k.
10
Let m(x) = 2*x**2 + 63*x + 63. What is the remainder when m(-33) is divided by 15?
12
Suppose -g - 6*g = -42. Suppose 4*a = u - g, -a = 4*u + a - 24. Suppose 5*d - k = 27, d - 5*k + 15 = u*d. What is the remainder when 7 is divided by d?
2
Let j be 4 - -4*(-4 + 2). What is the remainder when 6 is divided by (2/j)/((-4)/(-32))*-1?
2
Suppose -117 = -12*d - 105. Calculate the remainder when 23 is divided by d.
0
Let n(f) = 9*f + 15. Let z(x) = 5*x + 7. Let c(r) = 6*n(r) - 13*z(r). Calculate the remainder when c(-8) is divided by 44.
43
Suppose -2*l - 4*g = 3*l - 114, 4*g = 3*l - 62. Calculate the remainder when 326 is divided by l.
18
Suppose -11*g + 22*g - 3696 = 0. What is the remainder when g is divided by 86?
78
Suppose -10 = -5*z - 0*z. Suppose -5*f + z = -4*f, -a - 5*f = -19. Let y = a - 5. Calculate the remainder when 9 is divided by y.
1
Suppose -6 = -4*t + 14. Suppose 32 = k - t*i - 72, 3*i = -15. What is the remainder when k is divided by 8/112*-7*-10 + 11?
15
Let m = 86 + -77. Calculate the remainder when 52 is divided by m.
7
Let d = -493 - -523. Calculate the remainder when 100 is divided by d.
10
Let p = 148 + -74. What is the remainder when 294 is divided by p?
72
Suppose -36*s - 14*s = -1850. Calculate the remainder when 125 is divided by s.
14
Suppose -4*v = -2*w - 368, -205 = -4*v + w + 163. What is the remainder when v is divided by 73/3 - (-2)/(-6)?
20
Suppose -2 = k - 2*x, -2*x + 5*x = 3*k - 3. Let d(l) = 2 - 1 - 20*l + k. What is the remainder when d(-5) is divided by 27?
24
Let t(s) = 4 - 65*s + 42*s + 3*s**2 + 35*s. Let d be t(-4). Suppose -3*i = 5*n - 33, -d*n = -9 - 3. Calculate the remainder when 11 is divided by i.
5
Suppose 3*n - 43 = 2*n. Let r = -23 + n. Let f(z) = -3*z**2 + 125*z - 71. What is the remainder when r is divided by f(41)?
9
Let b(t) = 20*t - 6. Calculate the remainder when (668/(-24))/((-3)/18) is divided by b(2).
31
What is the remainder when 649 + 79 + ((-2)/(-2) - 2) is divided by 7?
6
Suppose 4*t = 5*t - 2*o + 2, -3*o + 12 = 3*t. Let r be (-4)/t - -6*6. Let n = -23 + r. Calculate the remainder when 20 is divided by n.
9
Suppose -1164 = -16*n + 180. What is the remainder when n is divided by 18?
12
What is the remainder when (0 + 1)/(((-42)/7)/(-372)) is divided by 50?
12
Let q = -6 - -4. Let i = -3 - -4. Calculate the remainder when i is divided by (1 + -4 + 1)/q.
0
Suppose -3*b - b = 84. Let a = 40 + b. Suppose -a = -3*j + 185. What is the remainder when j is divided by 23?
22
Let u(f) = -5*f + 378. What is the remainder when 313 is divided by u(63)?
61
Let m(h) = h**3 + 8*h**2 + 5. Suppose -3*x + 4*a = -a + 9, -2*x = 3*a + 25. What is the remainder when -8 + 328/40 + (-84)/(-5) is divided by m(x)?
2
Let z = -1076 - -1098. Calculate the remainder when 6/(-3) - (1 - 64) is divided by z.
17
Let d(w) be the first derivative of -3*w**2 - 6*w - 4. Calculate the remainder when 47 is divided by d(-3).
11
Let n(f) = 5*f**2 - f**3 - 7*f**2 + 4*f**2 + 10. What is the remainder when 99 is divided by n(0)?
9
Let x = -619 - -917. What is the remainder when x is divided by 18?
10
Suppose -3922 = -319*f + 282*f. What is the remainder when 193 is divided by f?
87
Let t = -41 - -46. Let u(n) = -n**3 + 9*n**2 - 13*n + 5. What is the remainder when u(t) is divided by 21?
19
Let u(s) = -3*s + 16. Let r be u(15). Let y = 38 + r. Calculate the remainder when 26 is divided by y.
8
Let j = -145 - -154. Calculate the remainder when 223 is divided by j.
7
Let h = 10 + -8. Suppose -h*f = 2*f - 36. Suppose q + 0*q - 16 = 0. What is the remainder when q is divided by f?
7
Let p = 232 + -84. Suppose 2*b + 3*b = -4*q + p, 4*q = 8. What is the remainder when b is divided by 15?
13
Let y(b) = -b**2 + 25. Calculate the remainder when -246*35/10*(-4)/28 is divided by y(0).
23
Let c be 1 - 0 - (-6 - -2). Suppose -36 = -c*j - 6. Calculate the remainder when 9 is divided by j.
3
Suppose n = -3*n + 4. Let f be n*(-1)/2*0. Suppose f = -2*w - 2*w + 20. Calculate the remainder when 7 is divided by w.
2
Let y(s) = 22 + 3*s - 6 + 6. What is the remainder when 77 is divided by y(-2)?
13
Suppose -16*i + 18*i - 6 = 0. Suppose 0 = -4*k - p + 73, -2*k + 3*p = -i*k + 32. What is the remainder when ((-33)/2)/(1/(-2)) is divided by k?
16
Let r = -23 + 27. Let x(c) = -c**2 + 10*c - 6. What is the remainder when 32 is divided by x(r)?
14
Let t = 137 - 121. What is the remainder when t is divided by 1*-3 - (7 - 16)?
4
Let d(m) be the first derivative of m**2/2 + 10*m + 16. Suppose -2*a - 8 = -3*a. Calculate the remainder when a is divided by d(-5).
3
Let x be 1143/15 - (-2)/(-10). Let t = -48 + x. What is the remainder when 18 is divided by (t/12)/((-2)/(-6))?
4
Suppose 0 = x + 3*z - 36, -5*x + 3*z = 6*z - 192. What is the remainder when x is divided by (18 + 0 - 2) + 4?
19
Suppose w - 123 = -5*x, -2*x = -2*w - x + 202. Suppose 7*r - 15 = 2*r. Suppose 8*q - 36 = -u + r*q, 5*q - 10 = 0. What is the remainder when w is divided by u?
25
Suppose